e second derivative of w**6/360 - w**5/20 - 5*w**4/24 + 11*w**3/2 - 17*w. Let q(n) be the second derivative of k(n). Calculate q(6).
-5
Let z(h) = -7*h + 4*h + 4*h + 3*h - 2. Let u = 6 + -4. Let s = 0 - u. What is z(s)?
-10
Let g = -326 + 324. Let f(q) = 4*q**3. What is f(g)?
-32
Let c(o) be the first derivative of 1/12*o**4 - o**2 + 0*o**3 + 6 + 4*o. Let h(k) be the first derivative of c(k). Give h(-2).
2
Let m(n) = 118*n + 11 - 124*n + 27*n**2 - 28*n**2. Give m(-7).
4
Let i(p) = -2*p + 40. Let u be i(22). Let y(r) = -5*r - 13. What is y(u)?
7
Let s(h) = 3*h - 4. Let i be (-57)/(-5) - (-32)/(-80). Suppose -5 - i = -4*r. What is s(r)?
8
Let b be (100/10)/(0 - -2). Suppose -4 = -b*j + 11. Let v(p) = p**3 - 3*p**2 - p + 2. What is v(j)?
-1
Let x(h) be the third derivative of -h**5/60 - h**4/12 - 2*h**3/3 + 2*h**2 - 99*h. Determine x(3).
-19
Let h(p) be the third derivative of -p**6/120 + p**5/20 + p**4/12 - p**3/3 - 376*p**2. Suppose 2*f - 12 = -f. Determine h(f).
-10
Let r(z) be the first derivative of -1 + 5*z + 1/3*z**3 + 4*z**2. Let n = 21602 - 21610. Determine r(n).
5
Suppose -4 = 2*j - 4*j. Suppose 22 = 3*n + 16. Let i(y) = 3 - 8*y**2 + 18*y**n - 2 - 9*y**2 + y. Determine i(j).
7
Let b(k) be the third derivative of 1/60*k**5 + 1/2*k**3 + 0*k - 2*k**2 + 9 + 1/6*k**4. Calculate b(-5).
8
Suppose 0 = -4*b + 9 - 1. Let i = -7 + 12. Let p(w) = -i*w + 0 + w + b*w**2 + 3 + 0*w. Calculate p(3).
9
Suppose -2*d + 73 + 5 = -4*c, 4*c + 84 = 4*d. Let q(k) = k**3 + 19*k**2 + 20*k + 35. Determine q(c).
-1
Suppose 4*v + 8 = 28. Let x(h) = -3*h + h - h + v*h. Let g = -110 - -105. What is x(g)?
-10
Let u(d) be the second derivative of d**3/6 - d**2/2 + 17*d + 1. Give u(-2).
-3
Let p(u) = 3 - 5*u - 2*u + 11*u + 3*u + 3*u. Give p(-2).
-17
Let z(j) be the second derivative of j**6/360 - j**5/60 - j**4/8 + 17*j**3/3 + 23*j. Let y(g) be the second derivative of z(g). Calculate y(5).
12
Let t(u) = -u**2 + 5*u + 5. Suppose -y = 0, 4*y - 31 = 3*a + 29. Let n be -3*(a/12)/1. What is t(n)?
5
Let v(a) = -2*a + 5. Let r be (1/6)/(25/(-75))*0. Calculate v(r).
5
Let k(y) be the first derivative of -y**2 - 9*y - 30. What is k(-8)?
7
Let p(k) = -2*k**2 + k + 8. Let h(d) = -49*d + 395. Let v be h(8). Determine p(v).
-7
Let l = 7 - 1. Let b(i) = 7*i - 6 - 2 + l + 6 + i**2. Suppose h = -3*p - 5 - 13, 4*h = -12. What is b(p)?
-6
Let q(o) = -4*o + 15. Let f be q(2). Let c(v) = 4*v - 7. Give c(f).
21
Let u(a) be the first derivative of a**6/120 - a**5/12 - a**4/24 - a**3/3 - 3*a**2 - 28. Let k(b) be the second derivative of u(b). Give k(5).
-7
Suppose -c + 2 - 4 = 0. Let q(m) = -m + 1. Let w(h) = -h - 7. Let u be w(-3). Let p(d) = 2*d**3 + 3*d**2 + 6*d - 1. Let f(v) = u*q(v) - p(v). Calculate f(c).
5
Let j(f) = -f**3 - 4*f**2 + 2*f - 2. Let u = 1923 - 1927. Determine j(u).
-10
Let y(p) = p**2 - 12*p + 13. Let q be (-8)/(-80)*104 - 6/15. Calculate y(q).
-7
Let y(m) = m**2 - 5*m. Let z be y(6). Let n(g) = -9*g + 10*g - 3 + z. Give n(8).
11
Let i(p) = 4 + 8*p - 3*p - 51*p**2 + 49*p**2. Calculate i(4).
-8
Let n(a) = -3. Let o(j) = 6*j - 5. Let r(h) = -2*n(h) + o(h). What is r(-1)?
-5
Let i(b) be the second derivative of b**5/20 + 5*b**4/6 + 2*b**3 + 2*b**2 + 8*b + 2. Calculate i(-9).
-23
Let w(p) = p + 28. Let a be w(-14). Let c = 43 - a. Suppose -4*v - 1 + c = 0. Let h(n) = n**3 - 8*n**2 + 6*n + 6. Give h(v).
-1
Let k(s) be the second derivative of 32*s + s**2 + 0 - 1/2*s**3. Let h = -9 + 13. What is k(h)?
-10
Let r(z) = -z**2 - z - 1. Let i(q) = 6*q**3 + 7*q**2 + 4*q + 8. Let u(p) = -i(p) - 6*r(p). Give u(1).
-7
Let f(x) be the second derivative of 1/60*x**5 + 0 + 3*x**2 + 1/24*x**4 + 1/3*x**3 + x. Let l(y) be the first derivative of f(y). What is l(0)?
2
Let a be (8/12)/((-1)/(-9)). Let f(j) = 4*j - 47. Let u be f(13). Suppose 0*t = t + u*c + 8, -a = -2*t + c. Let p(n) = n**3 - n**2 + 2*n - 2. Give p(t).
6
Let y = -30 - -25. Let z(g) be the second derivative of -g**4/12 - 2*g**3/3 + 3*g**2/2 + 8*g. Calculate z(y).
-2
Let i(l) be the second derivative of -l**5/60 + l**4/8 - 11*l**3/6 - 9*l. Let u(m) be the second derivative of i(m). Determine u(5).
-7
Let j(v) be the first derivative of v**3/3 - 7*v**2/2 + 2*v - 1. Let l be (-19 + 16)*(-2)/(-6) + 0 + 7. What is j(l)?
-4
Let p(u) = -63 + 125 + 6*u - 65. Let h be (-2)/2 + 1 + 2. Give p(h).
9
Let h be 17/(-68) + 123/12. Let z(n) = -n**2 + 12*n - 24. Give z(h).
-4
Let j be (-4)/(-14) + 208/56. Let i(d) = d**2 - d + 5. What is i(j)?
17
Suppose 2*v - 3*p = 4*v - 18, 26 = 4*v + p. Suppose 0 = 3*q - w - 1 - 5, -2*q + 4*w = v. Suppose 6 = -q*y + 2*y. Let n(j) = j - 2. Determine n(y).
-8
Let p be -1 + -3 + (-1 - 0). Let a(s) = s**2 - s + 1. Let g = 10 + -9. Let u(v) = v**3 + 12*v**2 - v + 12. Let l(d) = g*u(d) - 6*a(d). Calculate l(p).
6
Let c be (8/20)/(1/20). Let j be (-6)/c - 1593/36. Let b be ((-4)/(-2))/(18/j). Let l(f) = f**3 + 3*f**2 - 7*f + 2. Determine l(b).
-13
Suppose 3*d + 4132 - 4144 = 0. Let y(o) = -o**3 + o - 1. Let c(p) = -5*p**3 + 5*p**2 + 2*p - 8. Let x(z) = c(z) - 4*y(z). Determine x(d).
4
Let f(t) be the first derivative of -t**2 - 3 + 1/12*t**4 + 0*t - t**3. Let s(v) be the second derivative of f(v). Determine s(5).
4
Let v = 1469/2 - 734. Let y(n) be the first derivative of -3*n - v*n**2 + 1. What is y(-5)?
2
Let d = -86 + 87. Let u(v) = 7*v - 1. Determine u(d).
6
Let f(s) = -s**3 + 6*s**2 + 6*s + 5. Let u be f(7). Let v(l) = -9*l - 25. Let y(d) = -4*d - 11. Let z(j) = 3*v(j) - 7*y(j). Give z(u).
0
Let m(x) = -29*x**2 + 71*x**2 + 1 - 2*x - 17*x**2. Give m(1).
24
Let l(b) = -2*b - 3*b + 7*b + 3. Let x = -3 - -19. Suppose 0*i = -i + 4*z, 3*i + 4*z = -x. Give l(i).
-5
Suppose 0 = 5*r + 4*r. Let j(a) = a**3 - a**2 + 4. Calculate j(r).
4
Let q(w) = 3*w - 1. Let k(u) = -u**2 + 45*u - 87. Let g be k(43). Give q(g).
-4
Let z(n) = -n**2 - 7*n + 6. Let y be z(-7). Let j(i) be the second derivative of -i**5/20 + 5*i**4/12 + i**3 - 7*i**2/2 - 5*i + 20. What is j(y)?
-7
Let z(m) = 156 - 157 - 28*m + 16*m + 11*m. Suppose -4*a - 18 = -x, 3*a + 1 = -5*x - 1. Suppose d + 0*d + x = 0. Determine z(d).
1
Let o(x) = 3*x + 2 - 4*x + 2*x. Let v = -110 + 140. Let p be (-170)/v + -1*(-2)/(-6). What is o(p)?
-4
Let c(m) be the second derivative of m**5/20 + m**4/6 - m**3/3 + 7*m**2/2 + 3*m - 183. Calculate c(-3).
4
Let m = -176 + 169. Let t(z) = z**3 + 7*z**2 - 8. Determine t(m).
-8
Let j(m) = 29*m - 9. Let o be j(3). Let h be o/65*(-30)/4. Let p be 1/(-3*1/h). Let i(c) = c**3 - 2*c**2 - c. What is i(p)?
6
Let f(l) be the third derivative of -41*l**4/12 - l**3/6 + 19*l**2 + 29*l. Give f(-1).
81
Suppose 0 = 93*p - 97*p + 20. Let v(s) = -s**3 + 6*s**2 - 2*s - 6. Calculate v(p).
9
Let o(t) = -4*t + 6. Let b(u) = -273 - 2*u + 135 + 168. Let z be b(12). Determine o(z).
-18
Let v be (-10)/(-4)*16/20. Suppose -5*u = -12 + v. Let x be (3 + -3)/(u + 1). Let h(b) = b - 7. Calculate h(x).
-7
Let c(f) be the second derivative of f**5/20 - 5*f**4/6 - 2*f**3 + 9*f**2/2 + 3*f. Let s be c(11). Let l(g) = -g**2 + 1. Give l(s).
-3
Let n = 57 - 55. Let h(s) = 1 - n + 10*s + 11*s - 16*s. Give h(4).
19
Let c(i) = -60 - i**2 + 2*i**2 + 5*i + 58. Let a be c(-6). Suppose 3 = a*t - 1. Let o(r) = -r + 1. Determine o(t).
0
Let i(o) = 5 - 6*o**2 + 14*o**2 - 2*o**2 - 10*o**2 + 4*o**3 - 5*o**3. Determine i(-5).
30
Let g(y) = -1 + 0*y**2 + 3 + 1 + y**2 + 3*y + 9*y. Calculate g(-12).
3
Let l be (-6 - (-2 + 0)) + -2. Let g(x) be the first derivative of x**3/3 + 2*x**2 - 7*x + 6. Let a(c) = -c**2 - 4*c + 7. Let f(m) = 3*a(m) + 2*g(m). Give f(l).
-5
Let m(f) = -f**3 + 4*f**2 + 3*f + 4. Let i = 100 - 52. Let t be (-346)/(-12) - (-8)/i. Suppose -11 - t = -8*g. Determine m(g).
-6
Let k(o) = 41*o - 41. Let g(z) = 15*z - 13. Let x(n) = 8*g(n) - 3*k(n). Give x(4).
7
Let y(v) be the second derivative of v**7/840 + v**6/90 + v**5/60 - v**4/12 + 4*v**3/3 + 3*v. Let k(i) be the second derivative of y(i). What is k(-4)?
-10
Let b(i) be the third derivative of i**7/2520 + i**6/240 - i**5/30 - 43*i**4/24 - 35*i**2. Let j(w) be the second derivative of b(w). Calculate j(-3).
-4
Let r(s) = 5*s**2 + s**3 - s - 1 - 9*s**2 + 4*s - 4*s. Suppose 0 = -l - 4 + 7. Suppose -21 = -l*n - 9. What is r(n)?
-5
Let v(k) = -k**2 - 6*k + 3. Let q be 86/(-14) - (-8)/56. Determine v(q).
3
Let q(s) = -1043234